{"id":25,"date":"2019-08-07T13:57:58","date_gmt":"2019-08-07T13:57:58","guid":{"rendered":"https:\/\/demo.sfpturkiye.com\/blog\/?page_id=25"},"modified":"2022-11-21T17:42:36","modified_gmt":"2022-11-21T14:42:36","slug":"hakkimizda","status":"publish","type":"page","link":"https:\/\/sfpturkiye.com\/blog\/hakkimizda\/","title":{"rendered":"Hakk\u0131m\u0131zda"},"content":{"rendered":"<p><img loading=\"lazy\" class=\"wp-image-2087 alignright\" src=\"https:\/\/sfpturkiye.com\/blog\/wp-content\/uploads\/2021\/04\/sfp-nedir-2-300x200.png\" alt=\"\" width=\"396\" height=\"264\" srcset=\"https:\/\/sfpturkiye.com\/blog\/wp-content\/uploads\/2021\/04\/sfp-nedir-2-300x200.png 300w, https:\/\/sfpturkiye.com\/blog\/wp-content\/uploads\/2021\/04\/sfp-nedir-2-585x390.png 585w, https:\/\/sfpturkiye.com\/blog\/wp-content\/uploads\/2021\/04\/sfp-nedir-2-263x175.png 263w, https:\/\/sfpturkiye.com\/blog\/wp-content\/uploads\/2021\/04\/sfp-nedir-2.png 768w\" sizes=\"(max-width: 396px) 100vw, 396px\" \/><\/p>\n<p><b><a href=\"https:\/\/sfpturkiye.com\/\">sfpturkiye.com<\/a><\/b>, kurulu\u015fundan bug\u00fcn m\u00fc\u015fterilerine fiberoptik mod\u00fcl ithalat\u0131 ger\u00e7ekle\u015ftiren ve T\u00fcrkiye\u2019de ilk kez marka ba\u011f\u0131ms\u0131z olarak ve %100 de\u011fi\u015fim garantisi vererek g\u00fcvenli ticareti ilke edinmi\u015f olan bir e-ticaret sitesidir. \u00fcr\u00fcn gam\u0131nda 1G sfp mod\u00fclden 100G qr28 mod\u00fcle kadar zengin bir \u00fcr\u00fcn \u00e7e\u015fitlili\u011fi sunmakta olan\u00a0<b><a href=\"https:\/\/sfpturkiye.com\/\">sfpturkiye.com<\/a><\/b>, m\u00fc\u015fterilerinden gelen \u00f6zel talepleri de yan\u0131tlamaya \u00e7al\u0131\u015farak her ge\u00e7en g\u00fcn fiber optik transceiver \u00fcr\u00fcn \u00e7e\u015fitlili\u011fini artt\u0131rarak hizmet vermeye devam etmektedir.<\/p>\n<p><b><a href=\"https:\/\/sfpturkiye.com\/\">sfpturkiye.com<\/a><\/b>, \u00fcr\u00fcn grubu d\u0131\u015f\u0131nda kalan \u00fcr\u00fcnlerle ilgili de \u00e7e\u015fitli i\u015f ortaklar\u0131 \u00fczerinden kapsaml\u0131 \u00e7\u00f6z\u00fcmler \u00fcretebilecek yetkinlikte olan ve partnerlerine de i\u015f geli\u015ftirmeyi g\u00f6rev edinmi\u015f bir yap\u0131 i\u00e7erisindedir.<\/p>\n<p><img loading=\"lazy\" class=\"aligncenter size-medium wp-image-46\" src=\"https:\/\/sfpturkiye.com\/blog1\/wp-content\/uploads\/2019\/08\/sfpturkiyelogoslogan-300x83.png\" alt=\"SFP T\u00fcrkiye\" width=\"300\" height=\"83\" srcset=\"https:\/\/sfpturkiye.com\/blog\/wp-content\/uploads\/2019\/08\/sfpturkiyelogoslogan-300x83.png 300w, https:\/\/sfpturkiye.com\/blog\/wp-content\/uploads\/2019\/08\/sfpturkiyelogoslogan-585x162.png 585w, https:\/\/sfpturkiye.com\/blog\/wp-content\/uploads\/2019\/08\/sfpturkiyelogoslogan.png 600w\" sizes=\"(max-width: 300px) 100vw, 300px\" \/><\/p>\n","protected":false},"excerpt":{"rendered":"<p>sfpturkiye.com, kurulu\u015fundan bug\u00fcn m\u00fc\u015fterilerine fiberoptik mod\u00fcl ithalat\u0131 ger\u00e7ekle\u015ftiren ve T\u00fcrkiye\u2019de ilk kez marka ba\u011f\u0131ms\u0131z olarak ve %100 de\u011fi\u015fim garantisi vererek g\u00fcvenli ticareti&hellip;<\/p>\n","protected":false},"author":1,"featured_media":2086,"parent":0,"menu_order":0,"comment_status":"closed","ping_status":"closed","template":"","meta":[],"yoast_head":"<!-- This site is optimized with the Yoast SEO plugin v16.6.1 - https:\/\/yoast.com\/wordpress\/plugins\/seo\/ -->\n<title>Hakk\u0131m\u0131zda - SFPT\u00fcrkiye<\/title>\n<meta name=\"robots\" content=\"index, follow, max-snippet:-1, max-image-preview:large, max-video-preview:-1\" \/>\n<link rel=\"canonical\" href=\"https:\/\/sfpturkiye.com\/blog\/hakkimizda\/\" \/>\n<meta property=\"og:locale\" content=\"tr_TR\" \/>\n<meta property=\"og:type\" content=\"article\" \/>\n<meta property=\"og:title\" content=\"Hakk\u0131m\u0131zda - SFPT\u00fcrkiye\" \/>\n<meta property=\"og:description\" content=\"sfpturkiye.com, kurulu\u015fundan bug\u00fcn m\u00fc\u015fterilerine fiberoptik mod\u00fcl ithalat\u0131 ger\u00e7ekle\u015ftiren ve T\u00fcrkiye\u2019de ilk kez marka ba\u011f\u0131ms\u0131z olarak ve %100 de\u011fi\u015fim garantisi vererek g\u00fcvenli ticareti&hellip;\" \/>\n<meta property=\"og:url\" content=\"https:\/\/sfpturkiye.com\/blog\/hakkimizda\/\" \/>\n<meta property=\"og:site_name\" content=\"SFPT\u00fcrkiye\" \/>\n<meta property=\"article:modified_time\" content=\"2022-11-21T14:42:36+00:00\" \/>\n<meta property=\"og:image\" content=\"https:\/\/sfpturkiye.com\/blog\/wp-content\/uploads\/2021\/04\/sfpturkiye-1.png\" \/>\n\t<meta property=\"og:image:width\" content=\"1170\" \/>\n\t<meta property=\"og:image:height\" content=\"731\" \/>\n<meta name=\"twitter:card\" content=\"summary_large_image\" \/>\n<meta name=\"twitter:label1\" content=\"Tahmini okuma s\u00fcresi\" \/>\n\t<meta name=\"twitter:data1\" content=\"1 dakika\" \/>\n<script type=\"application\/ld+json\" class=\"yoast-schema-graph\">{\"@context\":\"https:\/\/schema.org\",\"@graph\":[{\"@type\":\"Organization\",\"@id\":\"https:\/\/sfpturkiye.com\/blog\/#organization\",\"name\":\"SFP T\\u00fcrkiye\",\"url\":\"https:\/\/sfpturkiye.com\/blog\/\",\"sameAs\":[],\"logo\":{\"@type\":\"ImageObject\",\"@id\":\"https:\/\/sfpturkiye.com\/blog\/#logo\",\"inLanguage\":\"tr\",\"url\":\"https:\/\/sfpturkiye.com\/blog\/wp-content\/uploads\/2019\/08\/sfpturkiyelogo.png\",\"contentUrl\":\"https:\/\/sfpturkiye.com\/blog\/wp-content\/uploads\/2019\/08\/sfpturkiyelogo.png\",\"width\":3500,\"height\":750,\"caption\":\"SFP T\\u00fcrkiye\"},\"image\":{\"@id\":\"https:\/\/sfpturkiye.com\/blog\/#logo\"}},{\"@type\":\"WebSite\",\"@id\":\"https:\/\/sfpturkiye.com\/blog\/#website\",\"url\":\"https:\/\/sfpturkiye.com\/blog\/\",\"name\":\"SFPT\\u00fcrkiye\",\"description\":\"SFP \\u00c7\\u00f6z\\u00fcm Merkeziniz\",\"publisher\":{\"@id\":\"https:\/\/sfpturkiye.com\/blog\/#organization\"},\"potentialAction\":[{\"@type\":\"SearchAction\",\"target\":{\"@type\":\"EntryPoint\",\"urlTemplate\":\"https:\/\/sfpturkiye.com\/blog\/?s={search_term_string}\"},\"query-input\":\"required name=search_term_string\"}],\"inLanguage\":\"tr\"},{\"@type\":\"ImageObject\",\"@id\":\"https:\/\/sfpturkiye.com\/blog\/hakkimizda\/#primaryimage\",\"inLanguage\":\"tr\",\"url\":\"https:\/\/sfpturkiye.com\/blog\/wp-content\/uploads\/2021\/04\/sfpturkiye-1.png\",\"contentUrl\":\"https:\/\/sfpturkiye.com\/blog\/wp-content\/uploads\/2021\/04\/sfpturkiye-1.png\",\"width\":1170,\"height\":731},{\"@type\":\"WebPage\",\"@id\":\"https:\/\/sfpturkiye.com\/blog\/hakkimizda\/#webpage\",\"url\":\"https:\/\/sfpturkiye.com\/blog\/hakkimizda\/\",\"name\":\"Hakk\\u0131m\\u0131zda - SFPT\\u00fcrkiye\",\"isPartOf\":{\"@id\":\"https:\/\/sfpturkiye.com\/blog\/#website\"},\"primaryImageOfPage\":{\"@id\":\"https:\/\/sfpturkiye.com\/blog\/hakkimizda\/#primaryimage\"},\"datePublished\":\"2019-08-07T13:57:58+00:00\",\"dateModified\":\"2022-11-21T14:42:36+00:00\",\"breadcrumb\":{\"@id\":\"https:\/\/sfpturkiye.com\/blog\/hakkimizda\/#breadcrumb\"},\"inLanguage\":\"tr\",\"potentialAction\":[{\"@type\":\"ReadAction\",\"target\":[\"https:\/\/sfpturkiye.com\/blog\/hakkimizda\/\"]}]},{\"@type\":\"BreadcrumbList\",\"@id\":\"https:\/\/sfpturkiye.com\/blog\/hakkimizda\/#breadcrumb\",\"itemListElement\":[{\"@type\":\"ListItem\",\"position\":1,\"name\":\"Ana sayfa\",\"item\":\"https:\/\/sfpturkiye.com\/blog\/\"},{\"@type\":\"ListItem\",\"position\":2,\"name\":\"Hakk\\u0131m\\u0131zda\"}]}]}<\/script>\n<!-- \/ Yoast SEO plugin. -->","_links":{"self":[{"href":"https:\/\/sfpturkiye.com\/blog\/wp-json\/wp\/v2\/pages\/25"}],"collection":[{"href":"https:\/\/sfpturkiye.com\/blog\/wp-json\/wp\/v2\/pages"}],"about":[{"href":"https:\/\/sfpturkiye.com\/blog\/wp-json\/wp\/v2\/types\/page"}],"author":[{"embeddable":true,"href":"https:\/\/sfpturkiye.com\/blog\/wp-json\/wp\/v2\/users\/1"}],"replies":[{"embeddable":true,"href":"https:\/\/sfpturkiye.com\/blog\/wp-json\/wp\/v2\/comments?post=25"}],"version-history":[{"count":8,"href":"https:\/\/sfpturkiye.com\/blog\/wp-json\/wp\/v2\/pages\/25\/revisions"}],"predecessor-version":[{"id":2126,"href":"https:\/\/sfpturkiye.com\/blog\/wp-json\/wp\/v2\/pages\/25\/revisions\/2126"}],"wp:featuredmedia":[{"embeddable":true,"href":"https:\/\/sfpturkiye.com\/blog\/wp-json\/wp\/v2\/media\/2086"}],"wp:attachment":[{"href":"https:\/\/sfpturkiye.com\/blog\/wp-json\/wp\/v2\/media?parent=25"}],"curies":[{"name":"wp","href":"https:\/\/api.w.org\/{rel}","templated":true}]}}